{"id":570,"date":"2015-10-28T18:41:31","date_gmt":"2015-10-28T18:41:31","guid":{"rendered":"http:\/\/krestcymbals.com.br\/teste\/?page_id=570"},"modified":"2015-11-15T16:48:47","modified_gmt":"2015-11-15T16:48:47","slug":"brilliant-b10-series","status":"publish","type":"page","link":"http:\/\/krestcymbals.com.br\/web\/brilliant-b10-series\/","title":{"rendered":"Brilliant B10 Series"},"content":{"rendered":"<p>Linha profissional de crashes martelados produzidos em Bronze B10, com usinagem especial. Apresenta f\u00e1cil abertura, resposta e decay r\u00e1pidos, sendo ideal para uso em est\u00fadio e palcos, para quem valoriza din\u00e2micas diferenciadas.<\/p>\n<p>&nbsp;<\/p>\n<div class=\"row\"> <div class=\"col-md-6\">\n<p><b>CRASH<\/b><\/p>\n<p><a href=\"http:\/\/krestcymbals.com.br\/web\/wp-content\/uploads\/2015\/10\/BT18MC.jpg\"><img loading=\"lazy\" decoding=\"async\" class=\"alignnone wp-image-574 size-medium\" src=\"http:\/\/krestcymbals.com.br\/web\/wp-content\/uploads\/2015\/10\/BT18MC-300x300.jpg\" alt=\"BT18MC\" width=\"300\" height=\"300\" srcset=\"http:\/\/krestcymbals.com.br\/web\/wp-content\/uploads\/2015\/10\/BT18MC-300x300.jpg 300w, http:\/\/krestcymbals.com.br\/web\/wp-content\/uploads\/2015\/10\/BT18MC-150x150.jpg 150w, http:\/\/krestcymbals.com.br\/web\/wp-content\/uploads\/2015\/10\/BT18MC.jpg 1000w\" sizes=\"auto, (max-width: 300px) 100vw, 300px\" \/><\/a><\/p>\n<\/div><div class=\"col-md-6\">\n<div class=\"space_80 clearfix\"><\/div>\n<p><strong>Medium Crash:<\/strong> 16&#8243; \u00a017&#8243; \u00a018&#8243;<\/p>\n<\/div><\/div>\n<div class=\"space_40 clearfix\"><\/div>\n<a href=\"http:\/\/krestcymbals.com.br\/web\/produtos\/\" class=\"btn button btn-shortcode kad-btn kad-btn-primary\" id=\"kadbtn878\" target=\"_self\" style=\"background-color:#FF0000;color:#FFF;\">&lt;&lt;Voltar<\/a>\n<div class=\"space_40 clearfix\"><\/div>\n<h4>Em breve mais v\u00eddeos sobre a linha Brilliant\u00a0B10<\/h4>\n<p><iframe loading=\"lazy\" src=\"https:\/\/www.youtube.com\/embed\/OCYQKtZqfkI\" width=\"100%\" height=\"450\" frameborder=\"0\" allowfullscreen=\"allowfullscreen\"><\/iframe><\/p>\n<p>&nbsp;<\/p>\n\n<div style=\"display: block !important; margin:0 !important; padding: 0 !important\" id=\"wpp_popup_post_end_element\"><\/div><p><\/p>","protected":false},"excerpt":{"rendered":"<p>Linha profissional de crashes martelados produzidos em Bronze B10, com usinagem especial. Apresenta f\u00e1cil abertura, resposta e decay r\u00e1pidos, sendo ideal para uso em est\u00fadio e palcos, para quem valoriza din\u00e2micas diferenciadas. &nbsp; Em breve mais v\u00eddeos sobre a linha &hellip; <a href=\"http:\/\/krestcymbals.com.br\/web\/brilliant-b10-series\/\">Conte\u00fado<\/a><\/p>\n","protected":false},"author":1,"featured_media":563,"parent":0,"menu_order":4,"comment_status":"closed","ping_status":"closed","template":"page-feature-sidebar.php","meta":{"footnotes":""},"class_list":["post-570","page","type-page","status-publish","has-post-thumbnail","hentry"],"_links":{"self":[{"href":"http:\/\/krestcymbals.com.br\/web\/wp-json\/wp\/v2\/pages\/570","targetHints":{"allow":["GET"]}}],"collection":[{"href":"http:\/\/krestcymbals.com.br\/web\/wp-json\/wp\/v2\/pages"}],"about":[{"href":"http:\/\/krestcymbals.com.br\/web\/wp-json\/wp\/v2\/types\/page"}],"author":[{"embeddable":true,"href":"http:\/\/krestcymbals.com.br\/web\/wp-json\/wp\/v2\/users\/1"}],"replies":[{"embeddable":true,"href":"http:\/\/krestcymbals.com.br\/web\/wp-json\/wp\/v2\/comments?post=570"}],"version-history":[{"count":7,"href":"http:\/\/krestcymbals.com.br\/web\/wp-json\/wp\/v2\/pages\/570\/revisions"}],"predecessor-version":[{"id":842,"href":"http:\/\/krestcymbals.com.br\/web\/wp-json\/wp\/v2\/pages\/570\/revisions\/842"}],"wp:featuredmedia":[{"embeddable":true,"href":"http:\/\/krestcymbals.com.br\/web\/wp-json\/wp\/v2\/media\/563"}],"wp:attachment":[{"href":"http:\/\/krestcymbals.com.br\/web\/wp-json\/wp\/v2\/media?parent=570"}],"curies":[{"name":"wp","href":"https:\/\/api.w.org\/{rel}","templated":true}]}}