{"id":557,"date":"2015-10-28T18:19:19","date_gmt":"2015-10-28T18:19:19","guid":{"rendered":"http:\/\/krestcymbals.com.br\/teste\/?page_id=557"},"modified":"2015-11-15T15:58:40","modified_gmt":"2015-11-15T15:58:40","slug":"rustic-series","status":"publish","type":"page","link":"http:\/\/krestcymbals.com.br\/web\/rustic-series\/","title":{"rendered":"Rustic B10 Series"},"content":{"rendered":"<p style=\"text-align: justify;\">Linha profissional de crashes com caracter\u00edsticas marcantes: Acabamento agressivo de aspecto r\u00fastico, com di\u00e2metros grandes que proporcionam um timbre \u201crealmente surpreendente\u201d, desde seu ataque e proje\u00e7\u00e3o com o maior volume entre as linhas da Krest at\u00e9 seu decay realmente prolongado. Tudo isto com a riqueza e qualidade de frequ\u00eancias que a liga B10 oferece.<\/p>\n<p>&nbsp;<\/p>\n<div class=\"row\"> <div class=\"col-md-6\">\n<p><b>CRASH<\/b><\/p>\n<p><a href=\"http:\/\/krestcymbals.com.br\/web\/wp-content\/uploads\/2015\/10\/rustic_RU18MC.jpg\"><img loading=\"lazy\" decoding=\"async\" class=\"alignnone wp-image-560 size-medium\" src=\"http:\/\/krestcymbals.com.br\/web\/wp-content\/uploads\/2015\/10\/rustic_RU18MC-300x300.jpg\" alt=\"rustic_RU18MC\" width=\"300\" height=\"300\" srcset=\"http:\/\/krestcymbals.com.br\/web\/wp-content\/uploads\/2015\/10\/rustic_RU18MC-300x300.jpg 300w, http:\/\/krestcymbals.com.br\/web\/wp-content\/uploads\/2015\/10\/rustic_RU18MC-150x150.jpg 150w, http:\/\/krestcymbals.com.br\/web\/wp-content\/uploads\/2015\/10\/rustic_RU18MC.jpg 1000w\" sizes=\"auto, (max-width: 300px) 100vw, 300px\" \/><\/a><\/p>\n<\/div><div class=\"col-md-6\">\n<div class=\"space_80 clearfix\"><\/div>\n<p><strong>Medium Crash:<\/strong> 16&#8243; \u00a017&#8243; \u00a018&#8243; \u00a019&#8243; \u00a020&#8243;<\/p>\n<\/div><\/div>\n<div class=\"space_40 clearfix\"><\/div>\n<a href=\"http:\/\/krestcymbals.com.br\/web\/produtos\/\" class=\"btn button btn-shortcode kad-btn kad-btn-primary\" id=\"kadbtn630\" target=\"_self\" style=\"background-color:#FF0000;color:#FFF;\">&lt;&lt;Voltar<\/a>\n<div class=\"space_40 clearfix\"><\/div>\n<h4>Em breve mais v\u00eddeos sobre a linha Rustic B10<\/h4>\n<p><iframe loading=\"lazy\" src=\"https:\/\/www.youtube.com\/embed\/KC88dXVrFPo\" width=\"100%\" height=\"450\" frameborder=\"0\" allowfullscreen=\"allowfullscreen\"><\/iframe><\/p>\n\n<div style=\"display: block !important; margin:0 !important; padding: 0 !important\" id=\"wpp_popup_post_end_element\"><\/div><p><\/p>","protected":false},"excerpt":{"rendered":"<p>Linha profissional de crashes com caracter\u00edsticas marcantes: Acabamento agressivo de aspecto r\u00fastico, com di\u00e2metros grandes que proporcionam um timbre \u201crealmente surpreendente\u201d, desde seu ataque e proje\u00e7\u00e3o com o maior volume entre as linhas da Krest at\u00e9 seu decay realmente prolongado. &hellip; <a href=\"http:\/\/krestcymbals.com.br\/web\/rustic-series\/\">Conte\u00fado<\/a><\/p>\n","protected":false},"author":1,"featured_media":564,"parent":0,"menu_order":52,"comment_status":"closed","ping_status":"closed","template":"page-feature-sidebar.php","meta":{"footnotes":""},"class_list":["post-557","page","type-page","status-publish","has-post-thumbnail","hentry"],"_links":{"self":[{"href":"http:\/\/krestcymbals.com.br\/web\/wp-json\/wp\/v2\/pages\/557","targetHints":{"allow":["GET"]}}],"collection":[{"href":"http:\/\/krestcymbals.com.br\/web\/wp-json\/wp\/v2\/pages"}],"about":[{"href":"http:\/\/krestcymbals.com.br\/web\/wp-json\/wp\/v2\/types\/page"}],"author":[{"embeddable":true,"href":"http:\/\/krestcymbals.com.br\/web\/wp-json\/wp\/v2\/users\/1"}],"replies":[{"embeddable":true,"href":"http:\/\/krestcymbals.com.br\/web\/wp-json\/wp\/v2\/comments?post=557"}],"version-history":[{"count":10,"href":"http:\/\/krestcymbals.com.br\/web\/wp-json\/wp\/v2\/pages\/557\/revisions"}],"predecessor-version":[{"id":837,"href":"http:\/\/krestcymbals.com.br\/web\/wp-json\/wp\/v2\/pages\/557\/revisions\/837"}],"wp:featuredmedia":[{"embeddable":true,"href":"http:\/\/krestcymbals.com.br\/web\/wp-json\/wp\/v2\/media\/564"}],"wp:attachment":[{"href":"http:\/\/krestcymbals.com.br\/web\/wp-json\/wp\/v2\/media?parent=557"}],"curies":[{"name":"wp","href":"https:\/\/api.w.org\/{rel}","templated":true}]}}