{"id":525,"date":"2015-10-28T14:06:33","date_gmt":"2015-10-28T14:06:33","guid":{"rendered":"http:\/\/krestcymbals.com.br\/teste\/?page_id=525"},"modified":"2017-01-21T21:39:30","modified_gmt":"2017-01-21T21:39:30","slug":"eko-by-krest","status":"publish","type":"page","link":"http:\/\/krestcymbals.com.br\/web\/eko-by-krest\/","title":{"rendered":"EKO BY KREST"},"content":{"rendered":"<h2>PRATOS EM LAT\u00c3O COM\u00a0EXCELENTE CUSTO BENEF\u00cdCIO<\/h2>\n<p>Linha em lat\u00e3o com diversas medidas e sets e com novo processo de fabrica\u00e7\u00e3o de menor impacto ambiental.<br \/>\nIdeal para iniciantes, para acompanhar sets econ\u00f4micos de baterias.<\/p>\n<div class=\"space_20 clearfix\"><\/div>\n\n<ul class=\"nav nav-tabs sc_tabs kt-tabs kt-sc-tabs kt-tabs-style1\"><li class=\"active\"><a href=\"#sctab96140\"><strong>MODELOS AVULSOS<\/strong><\/a><\/li>\n<li class=\"\"><a href=\"#sctab96141\"><strong>SETS<\/strong><\/a><\/li><\/ul> <div class=\"tab-content kt-tab-content postclass\"><div class=\"tab-pane clearfix active\" id=\"sctab96140\">\n<div class=\"space_20 clearfix\"><\/div>\n<div class=\"row\"> <div class=\"col-md-4\">\n<p><strong>RIDE<\/strong><\/p>\n<p><a href=\"http:\/\/krestcymbals.com.br\/web\/wp-content\/uploads\/2015\/10\/EKO_ride_Krest-Cymbals.jpg\" rel=\"attachment wp-att-1212\"><img loading=\"lazy\" decoding=\"async\" class=\"alignnone wp-image-1212 size-thumbnail\" src=\"http:\/\/krestcymbals.com.br\/web\/wp-content\/uploads\/2015\/10\/EKO_ride_Krest-Cymbals-150x150.jpg\" alt=\"EKO_ride_Krest-Cymbals\" width=\"150\" height=\"150\" srcset=\"http:\/\/krestcymbals.com.br\/web\/wp-content\/uploads\/2015\/10\/EKO_ride_Krest-Cymbals-150x150.jpg 150w, http:\/\/krestcymbals.com.br\/web\/wp-content\/uploads\/2015\/10\/EKO_ride_Krest-Cymbals-300x300.jpg 300w, http:\/\/krestcymbals.com.br\/web\/wp-content\/uploads\/2015\/10\/EKO_ride_Krest-Cymbals-768x768.jpg 768w, http:\/\/krestcymbals.com.br\/web\/wp-content\/uploads\/2015\/10\/EKO_ride_Krest-Cymbals.jpg 1000w\" sizes=\"auto, (max-width: 150px) 100vw, 150px\" \/><\/a>20&#8243;<\/p>\n<\/div><div class=\"col-md-4\">\n<p><b>CRASH<br \/>\n<\/b><img loading=\"lazy\" decoding=\"async\" class=\"alignnone wp-image-1214 size-thumbnail\" src=\"http:\/\/krestcymbals.com.br\/web\/wp-content\/uploads\/2015\/10\/EKO_crash_Krest-Cymbals-150x150.jpg\" alt=\"EKO_crash_Krest-Cymbals\" width=\"150\" height=\"150\" srcset=\"http:\/\/krestcymbals.com.br\/web\/wp-content\/uploads\/2015\/10\/EKO_crash_Krest-Cymbals-150x150.jpg 150w, http:\/\/krestcymbals.com.br\/web\/wp-content\/uploads\/2015\/10\/EKO_crash_Krest-Cymbals-300x300.jpg 300w, http:\/\/krestcymbals.com.br\/web\/wp-content\/uploads\/2015\/10\/EKO_crash_Krest-Cymbals-768x768.jpg 768w, http:\/\/krestcymbals.com.br\/web\/wp-content\/uploads\/2015\/10\/EKO_crash_Krest-Cymbals.jpg 1000w\" sizes=\"auto, (max-width: 150px) 100vw, 150px\" \/>14&#8243;<strong>\u00a0<\/strong>16&#8243;<br \/>\n<strong>Crash\/ride:<\/strong>\u00a018&#8243;<\/p>\n<\/div><div class=\"col-md-4\">\n<p><strong>HI-HAT<\/strong><br \/>\n<a href=\"http:\/\/krestcymbals.com.br\/web\/wp-content\/uploads\/2015\/10\/EKO_hihat_Krest-Cymbals.jpg\" rel=\"attachment wp-att-1213\"><img loading=\"lazy\" decoding=\"async\" class=\"alignnone wp-image-1213 size-thumbnail\" src=\"http:\/\/krestcymbals.com.br\/web\/wp-content\/uploads\/2015\/10\/EKO_hihat_Krest-Cymbals-150x150.jpg\" alt=\"EKO_hihat_Krest-Cymbals\" width=\"150\" height=\"150\" srcset=\"http:\/\/krestcymbals.com.br\/web\/wp-content\/uploads\/2015\/10\/EKO_hihat_Krest-Cymbals-150x150.jpg 150w, http:\/\/krestcymbals.com.br\/web\/wp-content\/uploads\/2015\/10\/EKO_hihat_Krest-Cymbals-300x300.jpg 300w, http:\/\/krestcymbals.com.br\/web\/wp-content\/uploads\/2015\/10\/EKO_hihat_Krest-Cymbals-768x768.jpg 768w, http:\/\/krestcymbals.com.br\/web\/wp-content\/uploads\/2015\/10\/EKO_hihat_Krest-Cymbals.jpg 1000w\" sizes=\"auto, (max-width: 150px) 100vw, 150px\" \/><\/a> 13&#8243; 14&#8243;<\/p>\n<\/div><\/div>\n<div class=\"hrule clearfix\"><\/div>\n<div class=\"row\">\n<div class=\"col-md-4\"><\/div>\n<\/div>\n<\/div>\n<div class=\"tab-pane clearfix \" id=\"sctab96141\">\n<div class=\"space_20 clearfix\"><\/div>\n<div class=\"row\"><\/div> <div class=\"col-md-4\">\n<p>&nbsp;<\/p>\n<p><strong>EKOSET1<\/strong><br \/>\n<a href=\"http:\/\/krestcymbals.com.br\/web\/wp-content\/uploads\/2015\/10\/EKO_SET-2_PRATOS_Krest-Cymbals.jpg\" rel=\"attachment wp-att-1211\"><img loading=\"lazy\" decoding=\"async\" class=\"alignnone size-medium wp-image-1211\" src=\"http:\/\/krestcymbals.com.br\/web\/wp-content\/uploads\/2015\/10\/EKO_SET-2_PRATOS_Krest-Cymbals-300x300.jpg\" alt=\"EKO_SET-2_PRATOS_Krest-Cymbals\" width=\"300\" height=\"300\" srcset=\"http:\/\/krestcymbals.com.br\/web\/wp-content\/uploads\/2015\/10\/EKO_SET-2_PRATOS_Krest-Cymbals-300x300.jpg 300w, http:\/\/krestcymbals.com.br\/web\/wp-content\/uploads\/2015\/10\/EKO_SET-2_PRATOS_Krest-Cymbals-150x150.jpg 150w, http:\/\/krestcymbals.com.br\/web\/wp-content\/uploads\/2015\/10\/EKO_SET-2_PRATOS_Krest-Cymbals-768x768.jpg 768w, http:\/\/krestcymbals.com.br\/web\/wp-content\/uploads\/2015\/10\/EKO_SET-2_PRATOS_Krest-Cymbals.jpg 1000w\" sizes=\"auto, (max-width: 300px) 100vw, 300px\" \/><\/a>14&#8243;, 16&#8243; 20&#8243; <\/div>\n<div class=\"col-md-4\">\n<p><strong><strong>EKOSET<\/strong>2<\/strong><br \/>\n<a href=\"http:\/\/krestcymbals.com.br\/web\/wp-content\/uploads\/2015\/10\/EKO_SET-2_PRATOS_Krest-Cymbals.jpg\" rel=\"attachment wp-att-1211\"><img loading=\"lazy\" decoding=\"async\" class=\"alignnone size-medium wp-image-1211\" src=\"http:\/\/krestcymbals.com.br\/web\/wp-content\/uploads\/2015\/10\/EKO_SET-2_PRATOS_Krest-Cymbals-300x300.jpg\" alt=\"EKO_SET-2_PRATOS_Krest-Cymbals\" width=\"300\" height=\"300\" srcset=\"http:\/\/krestcymbals.com.br\/web\/wp-content\/uploads\/2015\/10\/EKO_SET-2_PRATOS_Krest-Cymbals-300x300.jpg 300w, http:\/\/krestcymbals.com.br\/web\/wp-content\/uploads\/2015\/10\/EKO_SET-2_PRATOS_Krest-Cymbals-150x150.jpg 150w, http:\/\/krestcymbals.com.br\/web\/wp-content\/uploads\/2015\/10\/EKO_SET-2_PRATOS_Krest-Cymbals-768x768.jpg 768w, http:\/\/krestcymbals.com.br\/web\/wp-content\/uploads\/2015\/10\/EKO_SET-2_PRATOS_Krest-Cymbals.jpg 1000w\" sizes=\"auto, (max-width: 300px) 100vw, 300px\" \/><\/a>13&#8243;, 16&#8243; 18&#8243;<\/p>\n<\/div>\n<div class=\"col-md-4\">\n<p><strong>EKOSET3<\/strong><br \/>\n<a href=\"http:\/\/krestcymbals.com.br\/web\/wp-content\/uploads\/2015\/10\/EKO_SET-2_PRATOS_Krest-Cymbals.jpg\" rel=\"attachment wp-att-1211\"><img loading=\"lazy\" decoding=\"async\" class=\"alignnone size-medium wp-image-1211\" src=\"http:\/\/krestcymbals.com.br\/web\/wp-content\/uploads\/2015\/10\/EKO_SET-2_PRATOS_Krest-Cymbals-300x300.jpg\" alt=\"EKO_SET-2_PRATOS_Krest-Cymbals\" width=\"300\" height=\"300\" srcset=\"http:\/\/krestcymbals.com.br\/web\/wp-content\/uploads\/2015\/10\/EKO_SET-2_PRATOS_Krest-Cymbals-300x300.jpg 300w, http:\/\/krestcymbals.com.br\/web\/wp-content\/uploads\/2015\/10\/EKO_SET-2_PRATOS_Krest-Cymbals-150x150.jpg 150w, http:\/\/krestcymbals.com.br\/web\/wp-content\/uploads\/2015\/10\/EKO_SET-2_PRATOS_Krest-Cymbals-768x768.jpg 768w, http:\/\/krestcymbals.com.br\/web\/wp-content\/uploads\/2015\/10\/EKO_SET-2_PRATOS_Krest-Cymbals.jpg 1000w\" sizes=\"auto, (max-width: 300px) 100vw, 300px\" \/><\/a>13&#8243;, 14&#8243;, 18&#8243;<\/p>\n<\/div>\n<div class=\"space_20 clearfix\"><\/div>\n<div class=\"col-md-4\">\n<p><strong><strong>EKOSET4<\/strong><\/strong><br \/>\n<a href=\"http:\/\/krestcymbals.com.br\/web\/wp-content\/uploads\/2015\/10\/EKO_SET-3_PRATOS_Krest-Cymbals.jpg\" rel=\"attachment wp-att-1210\"><img loading=\"lazy\" decoding=\"async\" class=\"alignnone size-medium wp-image-1210\" src=\"http:\/\/krestcymbals.com.br\/web\/wp-content\/uploads\/2015\/10\/EKO_SET-3_PRATOS_Krest-Cymbals-300x300.jpg\" alt=\"EKO_SET-3_PRATOS_Krest-Cymbals\" width=\"300\" height=\"300\" srcset=\"http:\/\/krestcymbals.com.br\/web\/wp-content\/uploads\/2015\/10\/EKO_SET-3_PRATOS_Krest-Cymbals-300x300.jpg 300w, http:\/\/krestcymbals.com.br\/web\/wp-content\/uploads\/2015\/10\/EKO_SET-3_PRATOS_Krest-Cymbals-150x150.jpg 150w, http:\/\/krestcymbals.com.br\/web\/wp-content\/uploads\/2015\/10\/EKO_SET-3_PRATOS_Krest-Cymbals-768x768.jpg 768w, http:\/\/krestcymbals.com.br\/web\/wp-content\/uploads\/2015\/10\/EKO_SET-3_PRATOS_Krest-Cymbals.jpg 1000w\" sizes=\"auto, (max-width: 300px) 100vw, 300px\" \/><\/a>14&#8243;, 16&#8243;<\/p>\n<\/div>\n<\/div><\/div>\n\n<div class=\"hrule clearfix\"><\/div>\n<h3><strong>V\u00cdDEOS<\/strong><\/h3>\n<h4>Em breve, novos v\u00eddeos sobre a linha EKO by KREST.<\/h4>\n<p><iframe loading=\"lazy\" src=\"https:\/\/www.youtube.com\/embed\/p6RSk3S8pbY\" width=\"100%\" height=\"450\" frameborder=\"0\" allowfullscreen=\"allowfullscreen\"><\/iframe><\/p>\n<h4 style=\"text-align: left;\"><div class=\"space_20 clearfix\"><\/div>\nDICA:\u00a0SAIBA ESCOLHER O TIPO DE CRASH IDEAL PARA SEU SOM.<\/h4>\n<p><img loading=\"lazy\" decoding=\"async\" class=\"alignnone wp-image-239 size-full\" src=\"http:\/\/krestcymbals.com.br\/web\/wp-content\/uploads\/2015\/08\/COMPARATIVO_CRASHES_KREST2-e1447631166604.jpg\" alt=\"COMPARATIVO_CRASHES_KREST\" width=\"850\" height=\"240\" srcset=\"http:\/\/krestcymbals.com.br\/web\/wp-content\/uploads\/2015\/08\/COMPARATIVO_CRASHES_KREST2-e1447631166604.jpg 850w, http:\/\/krestcymbals.com.br\/web\/wp-content\/uploads\/2015\/08\/COMPARATIVO_CRASHES_KREST2-e1447631166604-300x85.jpg 300w\" sizes=\"auto, (max-width: 850px) 100vw, 850px\" \/><\/p>\n<div class=\"space_20 clearfix\"><\/div>\n<h3><\/h3>\n\n<div style=\"display: block !important; margin:0 !important; padding: 0 !important\" id=\"wpp_popup_post_end_element\"><\/div><p><\/p>","protected":false},"excerpt":{"rendered":"<p>PRATOS EM LAT\u00c3O COM\u00a0EXCELENTE CUSTO BENEF\u00cdCIO Linha em lat\u00e3o com diversas medidas e sets e com novo processo de fabrica\u00e7\u00e3o de menor impacto ambiental. Ideal para iniciantes, para acompanhar sets econ\u00f4micos de baterias. V\u00cdDEOS Em breve, novos v\u00eddeos sobre a &hellip; <a href=\"http:\/\/krestcymbals.com.br\/web\/eko-by-krest\/\">Conte\u00fado<\/a><\/p>\n","protected":false},"author":1,"featured_media":1220,"parent":0,"menu_order":8,"comment_status":"closed","ping_status":"closed","template":"page-feature-sidebar.php","meta":{"footnotes":""},"class_list":["post-525","page","type-page","status-publish","has-post-thumbnail","hentry"],"_links":{"self":[{"href":"http:\/\/krestcymbals.com.br\/web\/wp-json\/wp\/v2\/pages\/525","targetHints":{"allow":["GET"]}}],"collection":[{"href":"http:\/\/krestcymbals.com.br\/web\/wp-json\/wp\/v2\/pages"}],"about":[{"href":"http:\/\/krestcymbals.com.br\/web\/wp-json\/wp\/v2\/types\/page"}],"author":[{"embeddable":true,"href":"http:\/\/krestcymbals.com.br\/web\/wp-json\/wp\/v2\/users\/1"}],"replies":[{"embeddable":true,"href":"http:\/\/krestcymbals.com.br\/web\/wp-json\/wp\/v2\/comments?post=525"}],"version-history":[{"count":14,"href":"http:\/\/krestcymbals.com.br\/web\/wp-json\/wp\/v2\/pages\/525\/revisions"}],"predecessor-version":[{"id":1219,"href":"http:\/\/krestcymbals.com.br\/web\/wp-json\/wp\/v2\/pages\/525\/revisions\/1219"}],"wp:featuredmedia":[{"embeddable":true,"href":"http:\/\/krestcymbals.com.br\/web\/wp-json\/wp\/v2\/media\/1220"}],"wp:attachment":[{"href":"http:\/\/krestcymbals.com.br\/web\/wp-json\/wp\/v2\/media?parent=525"}],"curies":[{"name":"wp","href":"https:\/\/api.w.org\/{rel}","templated":true}]}}